t are the prime factors of 850745?
5, 7, 109, 223
What are the prime factors of 942894?
2, 3, 19, 919
What are the prime factors of 361456?
2, 19, 29, 41
What are the prime factors of 1454345?
5, 290869
List the prime factors of 1088980.
2, 5, 54449
List the prime factors of 290216.
2, 36277
List the prime factors of 244193.
113, 2161
What are the prime factors of 254575?
5, 17, 599
What are the prime factors of 3863546?
2, 1931773
What are the prime factors of 475789?
475789
List the prime factors of 260987.
260987
List the prime factors of 568377.
3, 2339
List the prime factors of 1754013.
3, 43, 13597
List the prime factors of 480398.
2, 401, 599
List the prime factors of 34719.
3, 71, 163
List the prime factors of 1122825.
3, 5, 11, 1361
List the prime factors of 11334288.
2, 3, 7, 61, 79
List the prime factors of 451490.
2, 5, 13, 23, 151
What are the prime factors of 589539?
3, 41, 4793
What are the prime factors of 374037?
3, 124679
What are the prime factors of 32960147?
11, 2996377
List the prime factors of 845928.
2, 3, 31, 379
List the prime factors of 904855.
5, 7, 103, 251
What are the prime factors of 9874951?
9874951
List the prime factors of 239895.
3, 5, 1777
List the prime factors of 1138022.
2, 569011
What are the prime factors of 534968?
2, 7, 41, 233
List the prime factors of 7109145.
3, 5, 17, 9293
What are the prime factors of 3666172?
2, 113, 8111
List the prime factors of 8526197.
17, 263, 1907
List the prime factors of 7468154.
2, 37, 43, 2347
List the prime factors of 418915.
5, 7, 11969
What are the prime factors of 1364413?
257, 5309
What are the prime factors of 1029504?
2, 3, 7, 383
What are the prime factors of 124243?
7, 17749
What are the prime factors of 230077?
230077
What are the prime factors of 83730?
2, 3, 5, 2791
List the prime factors of 6835736.
2, 854467
What are the prime factors of 1932039?
3, 163, 439
List the prime factors of 408782.
2, 11, 17, 1093
What are the prime factors of 1484232?
2, 3, 61843
List the prime factors of 4915325.
5, 196613
List the prime factors of 18094770.
2, 3, 5, 107, 1879
What are the prime factors of 126917?
7, 18131
List the prime factors of 37440527.
23, 1627849
What are the prime factors of 20637227?
13, 31, 41, 1249
List the prime factors of 5892784.
2, 23, 67, 239
What are the prime factors of 1709319?
3, 569773
List the prime factors of 274717.
29, 9473
What are the prime factors of 4993115?
5, 998623
List the prime factors of 5328054.
2, 3, 29, 59, 173
What are the prime factors of 708001?
7, 14449
List the prime factors of 209719.
209719
What are the prime factors of 1446870?
2, 3, 5, 17, 2837
List the prime factors of 207973.
207973
List the prime factors of 583114.
2, 7, 41651
List the prime factors of 411546.
2, 3, 113, 607
List the prime factors of 153430.
2, 5, 67, 229
What are the prime factors of 936562?
2, 11, 42571
List the prime factors of 2838052.
2, 7, 101359
What are the prime factors of 533194?
2, 29, 317
List the prime factors of 58134.
2, 3, 9689
What are the prime factors of 757411?
139, 5449
What are the prime factors of 329292?
2, 3, 3049
List the prime factors of 10503390.
2, 3, 5, 19, 18427
List the prime factors of 524554.
2, 41, 6397
What are the prime factors of 1759272?
2, 3, 73303
List the prime factors of 18364188.
2, 3, 1530349
List the prime factors of 1042585.
5, 109, 1913
List the prime factors of 217044.
2, 3, 6029
List the prime factors of 12274449.
3, 11, 431, 863
List the prime factors of 67920.
2, 3, 5, 283
What are the prime factors of 219496?
2, 27437
List the prime factors of 619059.
3, 7, 41, 719
What are the prime factors of 236038?
2, 11, 10729
List the prime factors of 145045.
5, 29009
What are the prime factors of 769980?
2, 3, 5, 41, 313
What are the prime factors of 3860003?
7, 17, 163, 199
What are the prime factors of 44624?
2, 2789
List the prime factors of 37421148.
2, 3, 17, 183437
What are the prime factors of 17357265?
3, 5, 367, 1051
What are the prime factors of 2048274?
2, 3, 83, 457
What are the prime factors of 425839?
425839
What are the prime factors of 8838777?
3, 2946259
List the prime factors of 238066.
2, 119033
What are the prime factors of 181607?
181607
What are the prime factors of 107399?
211, 509
What are the prime factors of 10909748?
2, 2727437
List the prime factors of 1127741.
1127741
List the prime factors of 2498065.
5, 17, 29389
What are the prime factors of 489038?
2, 11, 22229
What are the prime factors of 6905190?
2, 3, 5, 29, 7937
What are the prime factors of 3336581?
107, 31183
List the prime factors of 150799.
11, 13709
What are the prime factors of 5256107?
79, 66533
List the prime factors of 610394.
2, 19, 16063
List the prime factors of 967033.
61, 83, 191
What are the prime factors of 2021460?
2, 3, 5, 7, 4813
What are the prime factors of 424996?
2, 11, 13, 743
What are the prime factors of 1979459?
151, 13109
What are the prime factors of 1582149?
3, 19, 41, 677
What are the prime factors of 37295654?
2, 11, 17, 99721
List the prime factors of 3915225.
3, 5, 17401
What are the prime factors of 105579?
3, 11731
List the prime factors of 5751.
3, 71
List the prime factors of 454597.
11, 13, 17
What are the prime factors of 1557378?
2, 3, 31, 2791
List the prime factors of 10925060.
2, 5, 546253
What are the prime factors of 69323?
181, 383
List the prime factors of 4089877.
11, 17, 21871
List the prime factors of 114621.
3, 13, 2939
List the prime factors of 1046329.
1046329
What are the prime factors of 322292?
2, 197, 409
List the prime factors of 2509476.
2, 3, 209123
List the prime factors of 2638481.
163, 16187
List the prime factors of 8083056.
2, 3, 19, 8863
List the prime factors of 71781.
3, 71, 337
List the prime factors of 12586208.
2, 19, 127, 163
List the prime factors of 665525.
5, 7, 3803
What are the prime factors of 966248?
2, 269, 449
What are the prime factors of 2221901?
11, 73, 2767
What are the prime factors of 360976?
2, 7, 11, 293
List the prime factors of 983257.
11, 89387
What are the prime factors of 558237?
3, 317, 587
List the prime factors of 358071.
3, 7, 17, 59
List the prime factors of 132610.
2, 5, 89, 149
What are the prime factors of 234675?
3, 5, 7, 149
List the prime factors of 5035353.
3, 89, 18859
What are the prime factors of 4999780?
2, 5, 249989
What are the prime factors of 11697188?
2, 263, 11119
List the prime factors of 4391087.
4391087
List the prime factors of 443150.
2, 5, 8863
What are the prime factors of 82170?
2, 3, 5, 11, 83
List the prime factors of 11991970.
2, 5, 17, 23, 3067
List the prime factors of 8993.
17, 23
List the prime factors of 2727657.
3, 303073
What are the prime factors of 190923?
3, 23, 2767
List the prime factors of 8985276.
2, 3, 271, 307
What are the prime factors of 19348038?
2, 3, 358297
What are the prime factors of 942854?
2, 11, 17, 2521
List the prime factors of 66580.
2, 5, 3329
List the prime factors of 1062446.
2, 7, 11, 6899
What are the prime factors of 1710420?
2, 3, 5, 29, 983
List the prime factors of 172438.
2, 7, 109, 113
List the prime factors of 13363570.
2, 5, 11, 121487
What are the prime factors of 207347?
7, 19, 1559
What are the prime factors of 590585?
5, 29, 4073
List the prime factors of 1840415.
5, 368083
List the prime factors of 38783.
38783
What are the prime factors of 703343?
281, 2503
List the prime factors of 6894638.
2, 3447319
What are the prime factors of 1543275?
3, 5, 19
What are the prime factors of 118265?
5, 7, 31, 109
What are the prime factors of 1725466?
2, 17, 19, 2671
List the prime factors of 8048201.
7, 164249
What are the prime factors of 887147?
67, 13241
What are the prime factors of 9819810?
2, 3, 5, 7, 11, 13, 109
What are the prime factors of 5711798?
2, 2855899
List the prime factors of 286394.
2, 143197
List the prime factors of 2887882.
2, 1443941
What are the prime factors of 186169?
83, 2243
What are the prime factors of 220555?
5, 44111
List the prime factors of 18035188.
2, 4508797
List the prime factors of 15713868.
2, 3, 883, 1483
What are the prime factors of 291621?
3, 11, 8837
What are the prime factors of 178229?
37, 4817
What are the prime factors of 240220?
2, 5, 12011
What are the prime factors of 296377?
296377
What are the 